217 - p. Calculate the greatest common factor of 442 and f.
26
Let a(f) = f**2 - 5*f + 11. Let m be a(5). Suppose -v = -m*v + 120. Let u = 138 - 90. What is the highest common factor of v and u?
12
Suppose 3*p + 6 = -3*l, 8*p = -2*l + 4*p. Let d = 8 + l. What is the highest common divisor of d and 28?
4
Suppose -60 = -45*y + 30*y. What is the highest common factor of 1208 and y?
4
Let a = 221 + 1122. Let b = 2351 - a. Calculate the highest common factor of b and 63.
63
Let w = 56 - -127. Let d = w - 129. Let r = d + -45. Calculate the highest common divisor of 18 and r.
9
Suppose 5*l + 110 + 48 = 2*u, 0 = l - 2. Let b(a) = -a**2 - 12. Let o be b(0). Let h = o - -24. Calculate the highest common factor of h and u.
12
Suppose 4*r + j - 66 = -j, -28 = -2*r + 4*j. Let a = r - -3. Let b be -2*((-855)/6)/5 + 0. Calculate the highest common divisor of b and a.
19
Let d = -203 + 207. Suppose d = 2*n, -4*m + 104 = -m + 4*n. What is the highest common factor of m and 40?
8
Let z = -13288 + 13394. What is the greatest common divisor of 1696 and z?
106
Suppose -5*u - 5*l + 162 = -4*u, 0 = -2*l - 8. Calculate the greatest common factor of u and 208.
26
Let q(l) = 20 + 0*l + 6*l - 30 - 31. Let d = -212 + 222. Let g be q(d). What is the highest common divisor of g and 152?
19
Suppose -c = 2*c - 1512. Let o(f) = 3*f**2 + 6*f + 1. Let j(z) = -2*z. Let y(g) = 6*j(g) + 2*o(g). Let p be y(-3). What is the highest common factor of c and p?
56
Let y = 87 - 39. Suppose 38*c = 119*c - 22 - 221. What is the greatest common divisor of y and c?
3
Let h be 203294/546 + (-2)/6*1. Calculate the greatest common factor of 30 and h.
6
Let l(n) = -381*n + 3. Let c be l(-1). Suppose -q + 39 = 7. What is the highest common factor of c and q?
32
Let k be -1532*((-72)/(-80) + (-6)/15). Let o = -662 - k. What is the highest common divisor of o and 64?
8
Suppose -9*c + 9*c - 19*c = -13110. What is the greatest common factor of 330 and c?
30
Suppose -g - 5*y = 13, -5*g + g - y - 128 = 0. Let f be 228/10*110/g. Let l = f + 172. What is the greatest common factor of l and 12?
12
Suppose -125943 = -96*n + 338166 - 15213. Calculate the highest common factor of n and 4.
4
Suppose -5*q + 667 = -3*q + k, k = -3*q + 1000. Let y = q - 302. Calculate the greatest common factor of y and 279.
31
Let v be (-16)/12 - (0 + (-128)/6). Suppose -v*l = -59 - 21. Calculate the highest common factor of 100 and l.
4
Suppose -5 = -4*m + 59. Suppose 5*a - m*a = -110. Suppose 4*r - 73 = 287. Calculate the highest common divisor of r and a.
10
Suppose -47 = -3*f + 2*m + 184, 0 = -4*f + 5*m + 315. Calculate the greatest common divisor of f and 1425.
75
Let j(o) = 3*o**3 - 46*o**2 - 236*o + 621. Let y be j(35). What is the greatest common divisor of y and 13?
13
Let n be 490 - -3 - 1/(7/(-49)). What is the greatest common divisor of n and 860?
20
Let r = 9 + -6. Let f be -1*0/(-2) + r. Let a = -105390 + 105392. What is the highest common divisor of f and a?
1
Let i(f) = 438*f + 8275. Let d be i(-14). What is the highest common factor of d and 2?
1
Suppose -264 = -n - 2*a, 346*a - 344*a = -8. What is the highest common factor of n and 442?
34
Let p(s) = s**2 - 3*s**2 + 11*s**2 + 1 + 9*s + s**3. Let l be p(-7). What is the greatest common divisor of 18 and l?
18
Let l = -43 + 57. Suppose -2*k - l + 12 = 0. Let b(f) = -9*f - 3. Let d be b(k). Calculate the highest common divisor of d and 78.
6
Suppose -44*u + 175 = -37*u. Suppose 0 = 13*j - u - 443. What is the greatest common factor of j and 60?
12
Let n(w) be the first derivative of w**3/3 - 2*w + 12. Let u be n(-2). Let j be 1 - -1 - -1 - u. What is the greatest common factor of j and 1?
1
Suppose -5*m = -2*i + 169, i - 102 + 15 = 3*m. Let w = 27 - i. Let x = w - -77. Calculate the greatest common factor of 32 and x.
32
Let w(o) = 4*o**2 - 44*o + 207. Let z be w(10). Calculate the greatest common factor of z and 2.
1
Let t be -2*(9 - (-45)/(-2)). Calculate the highest common divisor of t and 981.
9
Let p(v) = -2*v**3 + 10*v**2 + 2*v + 2. Suppose -t + 5 = -c + 6*c, c = -4*t + 20. Let k be p(t). What is the greatest common factor of k and 18?
6
Suppose -4*g - 440 = 4*t + 220, -173 = g + 3*t. Let x = -123 - g. What is the highest common divisor of 114 and x?
38
Let k = 3708 - 3700. What is the highest common divisor of 118 and k?
2
Suppose 4*d = -0*d - m + 280, -4*m - 280 = -4*d. Suppose 12*j = 2 + d. Let y = -18 + 33. What is the greatest common factor of j and y?
3
Let x = 273 - 267. Suppose -3*p - 4*r + 10 = 0, 2*r = -x - 4. Calculate the greatest common divisor of 370 and p.
10
Suppose -21*p = -18*p. Let v = 35 + p. What is the greatest common divisor of 10 and v?
5
Let w = 44 - 36. Suppose -49*a + 45*a + w = 0. Let j(p) = p**3 - 2*p**2 + 3*p + 1. Let o be j(a). Calculate the highest common divisor of o and 35.
7
Let f = -2740 + 2761. Let a(y) = y**3 - 10*y**2 + 10*y - 6. Let u be a(9). Calculate the greatest common divisor of u and f.
3
Suppose 15*y - 396 - 24 = 0. Suppose 11*j - y = 60. Let w be ((-1)/2)/((-2)/128). Calculate the highest common factor of j and w.
8
Let q = -19779 - -20299. Calculate the highest common factor of q and 60.
20
Suppose 0 = 3*c - 12, -6532 = -6*p + 2*p - c. Calculate the greatest common factor of 34 and p.
34
Let g = -13976 - -14003. Suppose 3*k - 15 - 6 = 0. Suppose -k = r - 115. What is the greatest common divisor of g and r?
27
Let t = 185 + 571. Let p = 1486 - t. Calculate the greatest common factor of 10 and p.
10
Suppose 3*i = -4*d + 88, 148*d = 146*d - 16. Calculate the highest common factor of i and 285.
5
Let d = 10428 - 10422. What is the highest common divisor of d and 2433?
3
Suppose 0 = 326*k - 194*k - 79464. Calculate the greatest common divisor of 1376 and k.
86
Suppose -5*v - 1370 = 360. Let j = v - -430. What is the highest common divisor of 24 and j?
12
Let v = 427 + -422. Suppose 0 = 2*k - 6, -v*k + 321 = 2*x. What is the highest common factor of 9 and x?
9
Let t = 22215 + -21220. Calculate the greatest common divisor of t and 4378.
199
Suppose -149040 = -63*s - 6660. Calculate the highest common factor of 20 and s.
20
Let s(o) = -3*o + 98. Let d be s(24). Let m(c) = -2*c + 78. Let a be m(d). What is the greatest common factor of 65 and a?
13
Suppose -5*k + 4*m + 0*m = -248, 223 = 4*k + 5*m. Let f be (-21)/168*-2287 - (-1)/8. What is the greatest common divisor of k and f?
26
Suppose 2*a + 1455 - 3 = 0. Let d be a/(-15) - (-10)/(-25). Let z = d - 19. What is the highest common divisor of 29 and z?
29
Let i = -444471 + 444607. Suppose 2*s = 2 + 8. Let t(k) = -k**3 + 6*k**2 + 3*k - 6. Let v be t(s). Calculate the greatest common divisor of v and i.
34
Suppose -3*h = 2*z - 32 - 1, 4*h - 34 = -2*z. Suppose 690 = 8*v + z*v. What is the highest common factor of 165 and v?
15
Let o(p) = -68*p + 58. Let x be o(0). Calculate the highest common divisor of x and 1334.
58
Suppose 55 = 2*f + 47. Let s(u) = 3*u**2 - 2*u - 15. Let g be s(f). Calculate the highest common divisor of 225 and g.
25
Let u = -15 + 26. Suppose -4*z = y - 17, 2*z = -z - 5*y + 34. Let p be 2/z*-6 - -92. Calculate the greatest common factor of u and p.
11
Let g(b) = b**2 + 2*b + 73. Let t be g(11). What is the greatest common factor of t and 297?
27
Let f be 19 + (8 - -5 - 9). Let a(m) = -5*m + 3. Let j be a(-4). Calculate the highest common factor of f and j.
23
Let q(w) = w**3 + 42*w**2 + 150*w + 24. Let x be q(-38). Calculate the greatest common factor of 800 and x.
100
Let j(h) be the first derivative of 2*h**2 - 15*h + 48. Let v be j(12). Calculate the highest common divisor of 77 and v.
11
Suppose -40362 = -z - 15*z - 15*z. What is the highest common divisor of 21 and z?
21
Let p be (-24)/2*(-357)/84. Let l = 100 - p. Let a = 50 - l. What is the greatest common divisor of a and 8?
1
Suppose 7*h + 11*h = 684. Let f be 4 - (0 - -2 - 36). Calculate the greatest common divisor of h and f.
38
Let j = 16311 - 8915. Calculate the greatest common factor of 4 and j.
4
Suppose -3*x = -4 - 8. Let t be -2*(-3 - 20/(-6))*3078/(-27). Calculate the highest common divisor of x and t.
4
Let p(v) = 117*v**2 - 6*v + 7. Let x be p(1). Let z = -103 + x. What is the greatest common factor of 30 and z?
15
Let y = 158 - 154. Suppose -s - 62 = -5*t - 483, 3*t + 1735